 -2 + 2*t - t**2 + t + 3*t**2 + 0*t**2. What is l(-2)?
-5
Let c(q) = q**2 - q + 6. Let l(m) = m**2 + 1. Let d(g) = -c(g) + 6*l(g). Let z(j) = j**3 + 5*j**2 + j + 4. Let o be z(-5). What is d(o)?
4
Let z(j) be the third derivative of -j**5/60 - j**4/24 - 2*j**2. Let s be z(0). Let r(b) = -b - 8. Let u(o) = o + 9. Let d(n) = 3*r(n) + 2*u(n). Determine d(s).
-6
Let m(y) = -y**3 + y**2 + y + 1. Let s be 10/(-6) - (-4)/(-12). Calculate m(s).
11
Let k(b) be the first derivative of -2 + 3/2*b**2 + 1/3*b**3 - 5*b. Determine k(-5).
5
Let o(i) = -i**3 - 4*i + 3*i - 1 + 2*i - 2*i**2. Let f = 98 + -101. Give o(f).
5
Let d(p) be the third derivative of -p**5/60 - p**4/24 + p**3/6 + p**2. Let w = -4 + 6. Let y = w - 1. What is d(y)?
-1
Let a(g) = -g**2 + 2*g. Let w be 4 + (-3 - -6) + -3. Let k be 3/6 + 2/w. Let l = k - -1. What is a(l)?
0
Suppose -y + 9 = 4*y - 3*n, -5*y - 5*n = 15. Let m(p) = p**3 + p**2 + 1. Let q be m(y). Let f(l) = 3*l**2 - 1. Determine f(q).
2
Let f(l) = l**2 + 1. Let i(v) = -2*v**2 - 7 + 3*v**2 + 4*v + 10. Suppose g + 2 = -g. Let d(m) = g*i(m) + 2*f(m). Give d(4).
-1
Suppose 0 = -2*x - l - 5, -x = -2*l. Let y be 1*4*(-2)/(-4). Let q(m) = -3*m**3 + m - 2*m - 2*m**y + 2*m**3 + 0*m. Determine q(x).
2
Let q(m) = -2*m - 1 + 1 + 0 - 3. Suppose -5*f - 4*w + 5 = 0, f + 2*f = -2*w + 1. Calculate q(f).
3
Let g(x) = -4*x**3 + 2*x**2 + x. Let d be -1*(8 + -2)/(-3). Suppose -2*s + 3 = v, -v = -3*s + 8*s - 9. Suppose s*q + d = -0*q. Give g(q).
5
Let f = -6 + 5. Let d = -3 - f. Let v(y) be the third derivative of -y**5/20 - y**4/6 - y**3/2 + 2*y**2. Give v(d).
-7
Let t(v) = 2*v + 2. Let m(y) = 3*y**3 + y**2 - y + 1. Let a be m(1). Suppose 2*f = 4*w + 12, 2*f + w + 3*w + a = 0. What is t(f)?
6
Let j(t) be the third derivative of -1/120*t**6 + 0*t**5 - 1/24*t**4 - 2*t**3 + 0*t + 5*t**2 + 0. What is j(0)?
-12
Suppose -2*j - 3*j = 2*k, k - 4*j = 0. Let f(n) = n**2 - n + 12. Give f(k).
12
Let i = -4 + 7. Let z be (-10)/(-6) - (-1)/3. Let o(s) = -4*s**z - 3*s - s**i + 3*s. What is o(-3)?
-9
Let j(f) = -f + 8*f - 7*f - 2*f - 4. Calculate j(-4).
4
Let w(k) = k**3 - 5*k**2 - 6. Let h be 470/90 + (-2)/9. Determine w(h).
-6
Let l(d) be the third derivative of -d**4/12 + 2*d**3/3 - 2*d**2. Give l(6).
-8
Suppose -3*p + 2*d - 2 = 2, 2*p + 4*d - 24 = 0. Let h(g) = -g**2 - g + 2. Let c be h(p). Let m be 2/(-4) + (-2)/c. Let a(j) = j**3 + j + 5. What is a(m)?
5
Let d be (6/(-4))/((-12)/32). Let o(i) = -2*i**2 + 8*i - 6. Let n(g) = g**2 - 4*g + 3. Let c(z) = d*o(z) + 9*n(z). Give c(4).
3
Suppose -12 - 12 = -4*d - 2*q, -4*d + 5*q = -24. Let s(m) = -m + 4 + 13*m**2 - 12*m**2 - d*m. Calculate s(5).
-6
Let i(m) be the third derivative of m**6/120 + m**5/60 + m**4/8 + m**3/3 + 11*m**2. What is i(-2)?
-8
Let q(y) = -4*y - 1. Let f = -15 + 10. Let u = -1 - f. Suppose -u*d + 1 = -3. What is q(d)?
-5
Let k(f) = -f + 1. Let w(b) = 1. Let s(d) = -k(d) + 5*w(d). Calculate s(-7).
-3
Let z(f) be the third derivative of -f**4/12 + 3*f**3/2 - 32*f**2. What is z(7)?
-5
Let m(a) = a**3 - 7*a**2 - 10. Let y(t) = t**2 - 11*t + 31. Let z be y(8). Calculate m(z).
-10
Let c(m) = 9*m + 5. Let p(j) be the third derivative of 5*j**4/24 + j**3/2 - 7*j**2. Suppose 0 = t + 4*t + 55. Let x(n) = t*p(n) + 6*c(n). Calculate x(5).
-8
Let s be 26/10 - 4/(-10). Suppose 0 = s*i + 5 + 10. Let r(n) = 4*n**2 - 6. Let x(u) = -u**2 - u + 1. Let w(g) = -r(g) - 5*x(g). Calculate w(i).
1
Let g(r) = 3*r - 10. Let t(u) = 2*u - 10. Let m(d) = 3*g(d) - 4*t(d). Determine m(-12).
-2
Let n(m) = m + 1 + 0*m + 0*m. Calculate n(-6).
-5
Let h(a) = -2*a + 1. Let j be h(-7). Suppose 2*l - 6*l - 4*o = 12, 0 = -5*l - 4*o - j. Let p(f) = -f**3 - 4*f**2 - 4*f - 2. Calculate p(l).
1
Let d(z) = -z**3 + 10*z**2 + 10*z + 10. Suppose 45 = 5*p - 2*t, -5*p + 13 = -2*p - 4*t. Give d(p).
-1
Suppose -g + 8 = -5*g. Let d(x) = -x**2 + 2. Let k be d(g). Let s(z) be the second derivative of z**5/10 + z**4/4 + z**3/3 + 3*z**2/2 + 5*z. Determine s(k).
-5
Suppose -2*d + 3*b + 9 = 0, 0 = -3*d + 3*b + 6 + 3. Suppose 0 = -u + 2*u - 3. Suppose -u*q = -d*q. Let x(o) = o**2 + 12. Give x(q).
12
Let r(g) be the third derivative of -1/20*g**5 - 1/2*g**3 + 0 + 2*g**2 + 1/24*g**4 + 0*g - 1/120*g**6. What is r(-3)?
-6
Let b(s) = 4*s**2 + 2. Let q(h) = -5*h**2 - 3. Let m(x) = -4*b(x) - 3*q(x). Let t be 2/5 - (-4)/(-10). Suppose t = 2*i - 3 - 1. Give m(i).
-3
Suppose 2*i = -d + 9, 4*d + 12 = 32. Let u(y) be the second derivative of i*y + 0 - 1/20*y**5 + 1/2*y**2 - 1/6*y**4 + 1/2*y**3. Calculate u(-3).
1
Suppose 0 = -6*p + p + 35. Let l(t) = 2*t - 14. Let y be l(p). Let n(k) = k**3 - k**2 + k - 9. Determine n(y).
-9
Let t(y) = -5*y**2 - y. Let z(g) = -5*g**2 - g. Let d(j) = -4*t(j) + 5*z(j). Give d(1).
-6
Suppose 5*p - p - 16 = 0. Let w(n) = 3*n**2 - 2 - p*n + 8*n - 5*n**2. What is w(2)?
-2
Let i(u) = u**2 - 8*u - 4. Let j = 21 - 21. Suppose -2*a + 20 - 4 = j. Give i(a).
-4
Let n = 7 + 15. Let p = 17 - n. Let q(d) = -d - 7. What is q(p)?
-2
Let v(x) = 5*x - 7. Let i(m) = m - 1. Let n(b) = 6*i(b) - v(b). Let s(z) = -2*z - 7. Let t be s(-5). Suppose -5 = -d - 3, 2*y = -t*d. Give n(y).
-2
Let v be -3 + (-2 + 4 - -5). Let x = 4 - v. Let d(a) = -a**3 + a - 1. Let p(s) = -7*s**3 + s**2 + 7*s - 3. Let w(j) = 6*d(j) - p(j). What is w(x)?
-3
Let a(u) = -u**2 - 3. Let y(h) = -h. Let z(k) = -a(k) + 6*y(k). Suppose 2*n = 5*d - 35, -2*d - 2*n + 15 = 3*d. Let m be 3 - ((d - 3) + -5). Give z(m).
3
Let k(h) = -1. Let s(i) = i**2 - 3*i + 5. Let w(m) = -4*k(m) - s(m). Let g = 5 - 3. Determine w(g).
1
Let t(s) = s - 4. Let d be ((-8)/12 + 2)*-3. Determine t(d).
-8
Let q = 1 - 1. Let f be q - (3 + -3) - -5. Let l(k) = -k**2 + 5*k + 4. Calculate l(f).
4
Let g(w) be the third derivative of w**6/120 - w**5/10 + 2*w**2. Let y be g(6). Let h(l) = 2 + 3*l - 4*l + 0*l. Determine h(y).
2
Suppose 4*i - 3*i - 13 = 0. Let h(s) = -3*s**2 - i + 2*s**2 + 7. Determine h(0).
-6
Let d(b) = 5*b - 3. Let z(i) = -14*i + 9. Let y(v) = -17*d(v) - 6*z(v). Give y(-6).
3
Let m(w) = w. Suppose -3*f = -0*f + 12. Determine m(f).
-4
Let w(u) = u**3 - 6*u**2 + 4*u - 1. Suppose -35 = -6*t - 5. Give w(t).
-6
Let w(r) be the first derivative of -r**4/4 + 2*r**3/3 + r**2 + 116. Let s be (-6)/21 - 32/(-14). Let f be 2*-6*s/(-8). Give w(f).
-3
Let q = 8 + -4. Suppose 4 = q*x - 5*g, 2*g + 31 = 5*x + 9. Let k(h) = h**2 - 8*h + 5. Calculate k(x).
-7
Let s(l) = -l**3 + 6*l**2 - 4*l - 2. Let y(b) = b**2 - 6*b + 3. Let z be y(6). Let j be (-4)/24 - 22/12. Let p = z - j. Calculate s(p).
3
Let n(o) = o**3 + 5*o**2 - 6. Let k = -7 + 2. What is n(k)?
-6
Let l(y) = -y**3 + 4*y**2 - y - 1. Let a(k) = -3*k**2 + 1. Let p be a(1). Let q be p*(4 + -1)*2. Let i be (-2)/3*q/2. Determine l(i).
-5
Let c(q) = -q**3 + 5*q**2 - 4*q + 3. Let d = -1 - -5. Calculate c(d).
3
Suppose 18 = 3*i - 5*t + 2*t, 2*i - 3*t = 16. Suppose -2*n = -q + 6, i*q + 3*n = -3*q + 17. Let z(m) = m - 2. What is z(q)?
2
Suppose -3*s = s + 16. Let x(u) = u**3 + 3*u**2 - u. What is x(s)?
-12
Let v(t) be the first derivative of 6*t - 5/2*t**2 + 1/3*t**3 - 1. Suppose 0*z = -z + 4. Calculate v(z).
2
Let p(s) = -s**2 + 3*s + 1. Let m be (-3)/(18/(-8))*-3. Let i(b) = -b**3 - 5*b**2 - 3*b + 4. Let x be i(m). Suppose x = -3*f - 0*f + 6. Give p(f).
3
Let g(b) = -7*b - 8. Let p(q) = -q - 1. Let z(o) = -1. Let w(s) = 6*p(s) + z(s). Let j(c) = 5*g(c) - 6*w(c). Determine j(3).
5
Let l = -4 + 7. Suppose 0 = -2*o - o + l. Let b(n) = -45*n - 1 + 45*n + 2 - 6*n**3. Give b(o).
-5
Let l be -2*(-2)/(-4)*3. Let w(i) = 4*i + i**2 + 0*i**2 - 4 - 5*i. Determine w(l).
8
Let s(r) = r**2 - 3*r - 1. Let p(l) = l**2 - 4 - 6*l - 1 - 1. Let z be p(6). Let u be 4*(-3)/z*2. Determine s(u).
3
Suppose -3*q = 4*d - 21, -4*q + 3*d + 0 = -3. Suppose 6 - 21 = 4*j - q*l, -3*j = -5*l + 14. Let i(z) = z**2 + z - 4. Determine i(j).
2
Let n(g) = g**3 + 5*g**2 - 5*g + 1. Let s(r) = -r**3 - 9*r**2 - 6*r + 10. Let t be s(-8). What is n(t)?
-5
Let m(w) = 11 - 33*w**3 - 16 + 32*w**3 - w. Suppose -2*i = i. Determine m(i).
-5
Let h(q) = 7 - 127*q**2 + 128*q**2 + 0. Give h(0).
7
Let n(z) = 66*z - 31*z - 9*z**2 + z**3 - 33*z - 3. Calculate n(9).
15
Let h(k) = -k**3 + 5*k**2 + 2*k + 7. Let i(v) = -v + 1. Let m(r) = h(r) - 3*i(r). Let q(w) = 2*w. Let a be q(3). Give m(a).
-2
Let j(h) be the second derivative of 